{"id":1113,"date":"2024-03-05T12:33:14","date_gmt":"2024-03-05T15:33:14","guid":{"rendered":"https:\/\/diskfestaseeventos.com.br\/?page_id=1113"},"modified":"2025-12-11T19:44:14","modified_gmt":"2025-12-11T22:44:14","slug":"casamento-jantares","status":"publish","type":"page","link":"https:\/\/diskfestaseeventos.com.br\/index.php\/casamento-jantares\/","title":{"rendered":"Casamento Jantares"},"content":{"rendered":"\t\t<div data-elementor-type=\"wp-page\" data-elementor-id=\"1113\" class=\"elementor elementor-1113\" data-elementor-post-type=\"page\">\n\t\t\t\t\t\t<section class=\"elementor-section elementor-top-section elementor-element elementor-element-e61585f elementor-section-content-middle elementor-reverse-mobile elementor-section-boxed elementor-section-height-default elementor-section-height-default\" data-id=\"e61585f\" data-element_type=\"section\" data-settings=\"{&quot;jet_parallax_layout_list&quot;:[]}\">\n\t\t\t\t\t\t<div class=\"elementor-container elementor-column-gap-default\">\n\t\t\t\t\t<div class=\"elementor-column elementor-col-50 elementor-top-column elementor-element elementor-element-7fba046\" data-id=\"7fba046\" data-element_type=\"column\">\n\t\t\t<div class=\"elementor-widget-wrap elementor-element-populated\">\n\t\t\t\t\t\t<div class=\"elementor-element elementor-element-3d04714 elementor-widget elementor-widget-heading\" data-id=\"3d04714\" data-element_type=\"widget\" data-widget_type=\"heading.default\">\n\t\t\t\t<div class=\"elementor-widget-container\">\n\t\t\t\t\t<h3 class=\"elementor-heading-title elementor-size-default\">Casamento Jantares:\n<\/h3>\t\t\t\t<\/div>\n\t\t\t\t<\/div>\n\t\t\t\t<div class=\"elementor-element elementor-element-3c3dcaf elementor-widget elementor-widget-text-editor\" data-id=\"3c3dcaf\" data-element_type=\"widget\" data-widget_type=\"text-editor.default\">\n\t\t\t\t<div class=\"elementor-widget-container\">\n\t\t\t\t\t\t\t\t\t<p>Nosso servi\u00e7o de jantares para casamentos \u00e9 projetado para adicionar um toque de eleg\u00e2ncia e sofistica\u00e7\u00e3o \u00e0 sua celebra\u00e7\u00e3o especial. Desde aperitivos delicadamente elaborados at\u00e9 pratos principais gourmet, nossa equipe de chefs talentosos trabalha com voc\u00ea para criar um menu personalizado que reflete seu estilo e prefer\u00eancias. Com ingredientes frescos e t\u00e9cnicas culin\u00e1rias refinadas, cada prato \u00e9 uma obra-prima de sabor e apresenta\u00e7\u00e3o. Deixe-nos tornar seu casamento ainda mais memor\u00e1vel com uma experi\u00eancia gastron\u00f4mica digna de um conto de fadas.<\/p>\t\t\t\t\t\t\t\t<\/div>\n\t\t\t\t<\/div>\n\t\t\t\t<div class=\"elementor-element elementor-element-86b8290 elementor-align-left elementor-widget elementor-widget-button\" data-id=\"86b8290\" data-element_type=\"widget\" data-widget_type=\"button.default\">\n\t\t\t\t<div class=\"elementor-widget-container\">\n\t\t\t\t\t\t\t\t\t<div class=\"elementor-button-wrapper\">\n\t\t\t\t\t<a class=\"elementor-button elementor-button-link elementor-size-sm\" href=\"http:\/\/wa.me\/5511978415881\" target=\"_blank\">\n\t\t\t\t\t\t<span class=\"elementor-button-content-wrapper\">\n\t\t\t\t\t\t\t\t\t<span class=\"elementor-button-text\">Solicitar Or\u00e7amento<\/span>\n\t\t\t\t\t<\/span>\n\t\t\t\t\t<\/a>\n\t\t\t\t<\/div>\n\t\t\t\t\t\t\t\t<\/div>\n\t\t\t\t<\/div>\n\t\t\t\t<div class=\"elementor-element elementor-element-a5d55be elementor-widget elementor-widget-image\" data-id=\"a5d55be\" data-element_type=\"widget\" data-widget_type=\"image.default\">\n\t\t\t\t<div class=\"elementor-widget-container\">\n\t\t\t\t\t\t\t\t\t\t\t\t\t\t\t<img fetchpriority=\"high\" decoding=\"async\" width=\"1024\" height=\"1024\" src=\"https:\/\/diskfestaseeventos.com.br\/wp-content\/uploads\/2024\/03\/WhatsApp-Image-2024-03-04-at-09.50.13-2-1024x1024.jpeg\" class=\"attachment-large size-large wp-image-1220\" alt=\"\" srcset=\"https:\/\/diskfestaseeventos.com.br\/wp-content\/uploads\/2024\/03\/WhatsApp-Image-2024-03-04-at-09.50.13-2-1024x1024.jpeg 1024w, https:\/\/diskfestaseeventos.com.br\/wp-content\/uploads\/2024\/03\/WhatsApp-Image-2024-03-04-at-09.50.13-2-300x300.jpeg 300w, https:\/\/diskfestaseeventos.com.br\/wp-content\/uploads\/2024\/03\/WhatsApp-Image-2024-03-04-at-09.50.13-2-150x150.jpeg 150w, https:\/\/diskfestaseeventos.com.br\/wp-content\/uploads\/2024\/03\/WhatsApp-Image-2024-03-04-at-09.50.13-2-768x768.jpeg 768w, https:\/\/diskfestaseeventos.com.br\/wp-content\/uploads\/2024\/03\/WhatsApp-Image-2024-03-04-at-09.50.13-2.jpeg 1280w\" sizes=\"(max-width: 1024px) 100vw, 1024px\" \/>\t\t\t\t\t\t\t\t\t\t\t\t\t\t\t<\/div>\n\t\t\t\t<\/div>\n\t\t\t\t\t<\/div>\n\t\t<\/div>\n\t\t\t\t<div class=\"elementor-column elementor-col-50 elementor-top-column elementor-element elementor-element-18bd934\" data-id=\"18bd934\" data-element_type=\"column\" data-settings=\"{&quot;background_background&quot;:&quot;classic&quot;}\">\n\t\t\t<div class=\"elementor-widget-wrap elementor-element-populated\">\n\t\t\t\t\t\t<div class=\"elementor-element elementor-element-cae6624 elementor-widget elementor-widget-image\" data-id=\"cae6624\" data-element_type=\"widget\" data-widget_type=\"image.default\">\n\t\t\t\t<div class=\"elementor-widget-container\">\n\t\t\t\t\t\t\t\t\t\t\t\t\t\t\t<img decoding=\"async\" width=\"1024\" height=\"1024\" src=\"https:\/\/diskfestaseeventos.com.br\/wp-content\/uploads\/2024\/03\/WhatsApp-Image-2024-03-04-at-09.50.15-1024x1024.jpeg\" class=\"attachment-large size-large wp-image-1193\" alt=\"\" srcset=\"https:\/\/diskfestaseeventos.com.br\/wp-content\/uploads\/2024\/03\/WhatsApp-Image-2024-03-04-at-09.50.15-1024x1024.jpeg 1024w, https:\/\/diskfestaseeventos.com.br\/wp-content\/uploads\/2024\/03\/WhatsApp-Image-2024-03-04-at-09.50.15-300x300.jpeg 300w, https:\/\/diskfestaseeventos.com.br\/wp-content\/uploads\/2024\/03\/WhatsApp-Image-2024-03-04-at-09.50.15-150x150.jpeg 150w, https:\/\/diskfestaseeventos.com.br\/wp-content\/uploads\/2024\/03\/WhatsApp-Image-2024-03-04-at-09.50.15-768x768.jpeg 768w, https:\/\/diskfestaseeventos.com.br\/wp-content\/uploads\/2024\/03\/WhatsApp-Image-2024-03-04-at-09.50.15.jpeg 1080w\" sizes=\"(max-width: 1024px) 100vw, 1024px\" \/>\t\t\t\t\t\t\t\t\t\t\t\t\t\t\t<\/div>\n\t\t\t\t<\/div>\n\t\t\t\t\t<\/div>\n\t\t<\/div>\n\t\t\t\t\t<\/div>\n\t\t<\/section>\n\t\t\t\t<section class=\"elementor-section elementor-top-section elementor-element elementor-element-12328cf elementor-section-boxed elementor-section-height-default elementor-section-height-default\" data-id=\"12328cf\" data-element_type=\"section\" data-settings=\"{&quot;jet_parallax_layout_list&quot;:[]}\">\n\t\t\t\t\t\t<div class=\"elementor-container elementor-column-gap-default\">\n\t\t\t\t\t<div class=\"elementor-column elementor-col-16 elementor-top-column elementor-element elementor-element-e94c7ff\" data-id=\"e94c7ff\" data-element_type=\"column\">\n\t\t\t<div class=\"elementor-widget-wrap\">\n\t\t\t\t\t\t\t<\/div>\n\t\t<\/div>\n\t\t\t\t<div class=\"elementor-column elementor-col-16 elementor-top-column elementor-element elementor-element-7ef70e8\" data-id=\"7ef70e8\" data-element_type=\"column\">\n\t\t\t<div class=\"elementor-widget-wrap\">\n\t\t\t\t\t\t\t<\/div>\n\t\t<\/div>\n\t\t\t\t<div class=\"elementor-column elementor-col-16 elementor-top-column elementor-element elementor-element-6ee6de9\" data-id=\"6ee6de9\" data-element_type=\"column\">\n\t\t\t<div class=\"elementor-widget-wrap\">\n\t\t\t\t\t\t\t<\/div>\n\t\t<\/div>\n\t\t\t\t<div class=\"elementor-column elementor-col-16 elementor-top-column elementor-element elementor-element-f1c14ab\" data-id=\"f1c14ab\" data-element_type=\"column\">\n\t\t\t<div class=\"elementor-widget-wrap\">\n\t\t\t\t\t\t\t<\/div>\n\t\t<\/div>\n\t\t\t\t<div class=\"elementor-column elementor-col-16 elementor-top-column elementor-element elementor-element-4f61e47\" data-id=\"4f61e47\" data-element_type=\"column\">\n\t\t\t<div class=\"elementor-widget-wrap\">\n\t\t\t\t\t\t\t<\/div>\n\t\t<\/div>\n\t\t\t\t<div class=\"elementor-column elementor-col-16 elementor-top-column elementor-element elementor-element-b305a93\" data-id=\"b305a93\" data-element_type=\"column\">\n\t\t\t<div class=\"elementor-widget-wrap\">\n\t\t\t\t\t\t\t<\/div>\n\t\t<\/div>\n\t\t\t\t\t<\/div>\n\t\t<\/section>\n\t\t\t\t<\/div>\n\t\t","protected":false},"excerpt":{"rendered":"<p>Casamento Jantares: Nosso servi\u00e7o de jantares para casamentos \u00e9 projetado para adicionar um toque de eleg\u00e2ncia e sofistica\u00e7\u00e3o \u00e0 sua celebra\u00e7\u00e3o especial. Desde aperitivos delicadamente elaborados at\u00e9 pratos principais gourmet, nossa equipe de chefs talentosos trabalha com voc\u00ea para criar um menu personalizado que reflete seu estilo e prefer\u00eancias. Com ingredientes frescos e t\u00e9cnicas culin\u00e1rias &#8230; <a title=\"Casamento Jantares\" class=\"read-more\" href=\"https:\/\/diskfestaseeventos.com.br\/index.php\/casamento-jantares\/\" aria-label=\"Read more about Casamento Jantares\">Ler mais<\/a><\/p>\n","protected":false},"author":1,"featured_media":0,"parent":0,"menu_order":0,"comment_status":"closed","ping_status":"closed","template":"elementor_header_footer","meta":{"footnotes":""},"class_list":["post-1113","page","type-page","status-publish"],"_links":{"self":[{"href":"https:\/\/diskfestaseeventos.com.br\/index.php\/wp-json\/wp\/v2\/pages\/1113","targetHints":{"allow":["GET"]}}],"collection":[{"href":"https:\/\/diskfestaseeventos.com.br\/index.php\/wp-json\/wp\/v2\/pages"}],"about":[{"href":"https:\/\/diskfestaseeventos.com.br\/index.php\/wp-json\/wp\/v2\/types\/page"}],"author":[{"embeddable":true,"href":"https:\/\/diskfestaseeventos.com.br\/index.php\/wp-json\/wp\/v2\/users\/1"}],"replies":[{"embeddable":true,"href":"https:\/\/diskfestaseeventos.com.br\/index.php\/wp-json\/wp\/v2\/comments?post=1113"}],"version-history":[{"count":13,"href":"https:\/\/diskfestaseeventos.com.br\/index.php\/wp-json\/wp\/v2\/pages\/1113\/revisions"}],"predecessor-version":[{"id":1409,"href":"https:\/\/diskfestaseeventos.com.br\/index.php\/wp-json\/wp\/v2\/pages\/1113\/revisions\/1409"}],"wp:attachment":[{"href":"https:\/\/diskfestaseeventos.com.br\/index.php\/wp-json\/wp\/v2\/media?parent=1113"}],"curies":[{"name":"wp","href":"https:\/\/api.w.org\/{rel}","templated":true}]}}